{"id":2452,"date":"2026-03-16T17:52:07","date_gmt":"2026-03-16T17:52:07","guid":{"rendered":"https:\/\/charte-numerique.edu-vd.ch\/?page_id=2452"},"modified":"2026-03-16T18:00:59","modified_gmt":"2026-03-16T18:00:59","slug":"ressources","status":"publish","type":"page","link":"https:\/\/charte-numerique.edu-vd.ch\/index.php\/ressources\/","title":{"rendered":"Ressources"},"content":{"rendered":"\t\t<div data-elementor-type=\"wp-page\" data-elementor-id=\"2452\" class=\"elementor elementor-2452\" data-elementor-post-type=\"page\">\n\t\t\t\t\t\t<section class=\"elementor-section elementor-top-section elementor-element elementor-element-60e11625 elementor-section-boxed elementor-section-height-default elementor-section-height-default\" data-id=\"60e11625\" data-element_type=\"section\" data-e-type=\"section\">\n\t\t\t\t\t\t<div class=\"elementor-container elementor-column-gap-default\">\n\t\t\t\t\t<div class=\"elementor-column elementor-col-100 elementor-top-column elementor-element elementor-element-fb2fbf3\" data-id=\"fb2fbf3\" data-element_type=\"column\" data-e-type=\"column\">\n\t\t\t<div class=\"elementor-widget-wrap elementor-element-populated\">\n\t\t\t\t\t\t<div class=\"elementor-element elementor-element-7ab9626 elementor-widget elementor-widget-heading\" data-id=\"7ab9626\" data-element_type=\"widget\" data-e-type=\"widget\" data-widget_type=\"heading.default\">\n\t\t\t\t<div class=\"elementor-widget-container\">\n\t\t\t\t\t<h2 class=\"elementor-heading-title elementor-size-default\">Ressources externes<\/h2>\t\t\t\t<\/div>\n\t\t\t\t<\/div>\n\t\t\t\t<div class=\"elementor-element elementor-element-37ec978a elementor-widget elementor-widget-text-editor\" data-id=\"37ec978a\" data-element_type=\"widget\" data-e-type=\"widget\" data-widget_type=\"text-editor.default\">\n\t\t\t\t<div class=\"elementor-widget-container\">\n\t\t\t\t\t\t\t\t\t<p><\/p>\n<p><a href=\"https:\/\/fantomapp.fr\/home\">https:\/\/fantomapp.fr\/home<\/a><br \/><strong>FantomApp<\/strong> est un outil gratuit propos\u00e9 par la CNIL (Commission nationale de l\u2019informatique et des libert\u00e9s), l\u2019autorit\u00e9 publique fran\u00e7aise charg\u00e9e de prot\u00e9ger les donn\u00e9es personnelles et la vie priv\u00e9e dans le domaine num\u00e9rique. Il vise \u00e0 sensibiliser les jeunes aux enjeux des r\u00e9seaux sociaux et de l\u2019identit\u00e9 num\u00e9rique.\u00a0<\/p>\n<div class=\"ctn-gen-texte-wysiswyg\">\n<h3>Des outils pour renforcer ses comptes<\/h3>\n<\/div>\n<div class=\"ctn-gen-push-2\">\n<div class=\"col-xs-12 col-md-6 col-sm-6 col-lg-6 js-zoom-wrapper zoom-wrapper\">\n<div class=\"ctn-gen-push-2-texte\">\n<ul>\n<li style=\"list-style-type: none;\">\n<ul>\n<li><span style=\"font-size: medium;\">\u00ab\u00a0<em>Je teste mon mot de passe\u00a0<\/em>\u00bb<br \/>Combien de temps un cybercriminel mettrait \u00e0 le trouver ? Qu\u2019est-ce qu\u2019un mot de passe vraiment solide ? FantomApp vous permet de tester la robustesse de vos mots de passe.<br \/>\u00a0<\/span><\/li>\n<li><span style=\"font-size: medium;\">\u00ab\u00a0<em>Je floute ma photo<\/em>\u00a0\u00bb<br \/>Vous pouvez flouter et pix\u00e9liser votre photo de profil pour garder l\u2019anonymat sur les r\u00e9seaux.<br \/>\u00a0<\/span><\/li>\n<li><span style=\"font-size: medium;\">\u00ab\u00a0<em>Je teste ma visibilit\u00e9<\/em>\u00a0\u00bb<br \/>Que dites-vous de vous dans votre bio ou dans un pseudo ? M\u00eame avec un compte priv\u00e9, \u00e7a ne veut pas dire que vous naviguez incognito.<\/span><\/li>\n<\/ul>\n<\/li>\n<\/ul>\n<\/div>\n<\/div>\n<\/div>\n<div class=\"ctn-gen-texte-wysiswyg\">\n<h3>Des tutoriels pour r\u00e9gler les bons param\u00e8tres<\/h3>\n<\/div>\n<div class=\"ctn-gen-push-2\">\n<div class=\"col-xs-12 col-md-6 col-sm-6 col-lg-6 js-zoom-wrapper zoom-wrapper\">\n<div class=\"ctn-gen-push-2-texte\">\n<div class=\"align-center\">\u00a0<\/div>\n<\/div>\n<\/div>\n<div class=\"col-xs-12 col-md-6 col-sm-6 col-lg-6 js-zoom-wrapper zoom-wrapper\">\n<div class=\"ctn-gen-push-2-texte\">\n<p><span style=\"font-size: medium;\">Pour chaque r\u00e9seau (Instagram, Tiktok, Snapchat, X et WhatsApp\u2026), acc\u00e9dez \u00e0 des tutos pour savoir quels param\u00e8tres activer ou d\u00e9sactiver afin de garder votre vie priv\u00e9e\u2026 priv\u00e9e\u00a0:<\/span><\/p>\n<ul>\n<li><em><span style=\"font-size: medium;\">Supprimer la g\u00e9olocalisation.<\/span><\/em><\/li>\n<li><em><span style=\"font-size: medium;\">Mettre mon compte en priv\u00e9<\/span><\/em><\/li>\n<li><em><span style=\"font-size: medium;\">Activer la double authentification<\/span><\/em><\/li>\n<li><em><span style=\"font-size: medium;\">Savoir qui est connect\u00e9 \u00e0 mon compte, par les lieux de connexion<\/span><\/em><\/li>\n<li><em><span style=\"font-size: medium;\">D\u00e9terminer qui peut interagir avec moi<\/span><\/em><\/li>\n<li><em><span style=\"font-size: medium;\">Masquer les contenus sensibles<\/span><\/em><\/li>\n<li><em><span style=\"font-size: medium;\">D\u00e9sactiver le partage de contacts<\/span><\/em><\/li>\n<li><em><span style=\"font-size: medium;\">Ne pas pouvoir me trouver en suggestion<\/span><\/em><\/li>\n<li><em><span style=\"font-size: medium;\">D\u00e9sactiver la possibilit\u00e9 de voir les \u00ab\u00a0j\u2019aime\u00a0\u00bb<\/span><\/em><\/li>\n<li><em><span style=\"font-size: medium;\">Ne pas permettre qu\u2019on puisse me trouver avec mon num\u00e9ro de t\u00e9l\u00e9phone ou mon adresse \u00e9lectronique<\/span><\/em><\/li>\n<li><em><span style=\"font-size: medium;\">D\u00e9terminer qui peut me contacter<\/span><\/em><\/li>\n<li><em><span style=\"font-size: medium;\">D\u00e9sactiver la possibilit\u00e9 de voir si je suis en ligne<\/span><\/em><\/li>\n<li><em><span style=\"font-size: medium;\">Emp\u00eacher l\u2019IA propri\u00e9taire de lire ou exploiter mes donn\u00e9es<\/span><\/em><\/li>\n<li><em><span style=\"font-size: medium;\">D\u00e9sactiver les pubs personnalis\u00e9es<\/span><\/em><\/li>\n<li><em><span style=\"font-size: medium;\">D\u00e9terminer qui peut m\u2019ajouter dans un groupe<\/span><\/em><\/li>\n<li><em><span style=\"font-size: medium;\">D\u00e9sactiver l\u2019archivage des publications \u00e9ph\u00e9m\u00e8res<\/span><\/em><\/li>\n<\/ul>\n<\/div>\n<p><img decoding=\"async\" class=\"emoji\" role=\"img\" draggable=\"false\" src=\"https:\/\/s.w.org\/images\/core\/emoji\/17.0.2\/svg\/26a0.svg\" alt=\"\u26a0\ufe0f\" \/> L\u2019application mobile n\u2019est pas disponible en Suisse dans les magasins d&rsquo;applications. L\u2019outil doit donc \u00eatre utilis\u00e9 via son site web dans un navigateur.<\/p>\n<\/div>\n<\/div>\n<p><\/p>\t\t\t\t\t\t\t\t<\/div>\n\t\t\t\t<\/div>\n\t\t\t\t\t<\/div>\n\t\t<\/div>\n\t\t\t\t\t<\/div>\n\t\t<\/section>\n\t\t\t\t<\/div>\n\t\t","protected":false},"excerpt":{"rendered":"<p>Ressources externes https:\/\/fantomapp.fr\/homeFantomApp est un outil gratuit propos\u00e9 par la CNIL (Commission nationale de l\u2019informatique et des libert\u00e9s), l\u2019autorit\u00e9 publique fran\u00e7aise charg\u00e9e de prot\u00e9ger les donn\u00e9es personnelles et la vie priv\u00e9e dans le domaine num\u00e9rique. Il vise \u00e0 sensibiliser les jeunes aux enjeux des r\u00e9seaux sociaux et de l\u2019identit\u00e9 num\u00e9rique.\u00a0 Des outils pour renforcer ses [&hellip;]<\/p>\n","protected":false},"author":2,"featured_media":0,"parent":0,"menu_order":0,"comment_status":"closed","ping_status":"closed","template":"","meta":{"footnotes":""},"class_list":["post-2452","page","type-page","status-publish","hentry"],"_links":{"self":[{"href":"https:\/\/charte-numerique.edu-vd.ch\/index.php\/wp-json\/wp\/v2\/pages\/2452","targetHints":{"allow":["GET"]}}],"collection":[{"href":"https:\/\/charte-numerique.edu-vd.ch\/index.php\/wp-json\/wp\/v2\/pages"}],"about":[{"href":"https:\/\/charte-numerique.edu-vd.ch\/index.php\/wp-json\/wp\/v2\/types\/page"}],"author":[{"embeddable":true,"href":"https:\/\/charte-numerique.edu-vd.ch\/index.php\/wp-json\/wp\/v2\/users\/2"}],"replies":[{"embeddable":true,"href":"https:\/\/charte-numerique.edu-vd.ch\/index.php\/wp-json\/wp\/v2\/comments?post=2452"}],"version-history":[{"count":13,"href":"https:\/\/charte-numerique.edu-vd.ch\/index.php\/wp-json\/wp\/v2\/pages\/2452\/revisions"}],"predecessor-version":[{"id":2466,"href":"https:\/\/charte-numerique.edu-vd.ch\/index.php\/wp-json\/wp\/v2\/pages\/2452\/revisions\/2466"}],"wp:attachment":[{"href":"https:\/\/charte-numerique.edu-vd.ch\/index.php\/wp-json\/wp\/v2\/media?parent=2452"}],"curies":[{"name":"wp","href":"https:\/\/api.w.org\/{rel}","templated":true}]}}